{"id":1470,"date":"2015-01-23T16:55:10","date_gmt":"2015-01-23T15:55:10","guid":{"rendered":"https:\/\/www.kleine-miri.de\/blog\/?page_id=1470"},"modified":"2015-02-04T17:43:57","modified_gmt":"2015-02-04T16:43:57","slug":"ueber","status":"publish","type":"page","link":"https:\/\/www.kleine-miri.de\/blog\/ueber\/","title":{"rendered":"\u00dcber"},"content":{"rendered":"<div id=\"attachment_1476\" style=\"width: 310px\" class=\"wp-caption alignright\"><a href=\"https:\/\/www.kleine-miri.de\/blog\/wp-content\/uploads\/2015\/01\/Mirjam_Klostergarten.jpg\"><img loading=\"lazy\" decoding=\"async\" aria-describedby=\"caption-attachment-1476\" src=\"https:\/\/www.kleine-miri.de\/blog\/wp-content\/uploads\/2015\/01\/Mirjam_Klostergarten.jpg\" alt=\"Miri in ihrem Element (Foto: Tobias Niedenthal, Forschergruppe Klostermedizin)\" width=\"300\" height=\"199\" class=\"size-full wp-image-1476\" \/><\/a><p id=\"caption-attachment-1476\" class=\"wp-caption-text\">Miri in ihrem Element (Foto: Tobias Niedenthal)<\/p><\/div>\n<p>Die kleine Miri hat schon fr\u00fch angefangen sich f\u00fcr Kr\u00e4uter, Pflanzen und Natur zu interessieren und vor allem wollte sie am liebsten ganz viele Sachen selber machen. Hat die Lilien in Nachbars Garten  gek\u00f6pft, um daraus Parfum herzustellen, Veilchen gesammelt um Duft\u00f6l zu bekommen, Holunderbeeren zu Mus vermatscht, Getreidek\u00f6rner vom Feldweg gesammelt, um Mehl zu mahlen, und aus Rindenfasern F\u00e4den gedreht. Zugegeben, diese ersten Versuche waren nicht so oft von Erfolg gekr\u00f6nt, wie ich es mir gew\u00fcnscht h\u00e4tte, aber \u00dcbung macht schlie\u00dflich den Meister. Jetzt bin ich zwar nicht mehr klein, aber immer noch mit der selben Begeisterung wie damals dabei, mit Kr\u00e4utern zu experimentieren, eigene Kosmetik herzustellen, zu kochen, zu backen, zu basteln und verschiedenste Handarbeitstechniken auszuprobieren. Inzwischen auch mit einer ganz guten Erfolgsquote und Ergebnissen, die sich &#8211; denke ich &#8211; sehen lassen k\u00f6nnen. Und da ich auch sehr gerne schreibe und fotografiere und Bloggen das Gegenteil von Alles-f\u00fcr-sich-Behalten ist, freue ich mich sehr, meine Erfahrungen und Erlebnisse hier mit euch zu teilen.<\/p>\n","protected":false},"excerpt":{"rendered":"<p>Die kleine Miri hat schon fr\u00fch angefangen sich f\u00fcr Kr\u00e4uter, Pflanzen und Natur zu interessieren und vor allem wollte sie am liebsten ganz viele Sachen selber machen. Hat die Lilien in Nachbars Garten gek\u00f6pft, um daraus Parfum herzustellen, Veilchen gesammelt&hellip;<\/p>\n<p class=\"more-link-p\"><a class=\"more-link\" href=\"https:\/\/www.kleine-miri.de\/blog\/ueber\/\">Weiterlesen &rarr;<\/a><\/p>\n","protected":false},"author":1,"featured_media":0,"parent":0,"menu_order":0,"comment_status":"open","ping_status":"open","template":"","meta":{"footnotes":""},"class_list":["post-1470","page","type-page","status-publish","hentry"],"_links":{"self":[{"href":"https:\/\/www.kleine-miri.de\/blog\/wp-json\/wp\/v2\/pages\/1470","targetHints":{"allow":["GET"]}}],"collection":[{"href":"https:\/\/www.kleine-miri.de\/blog\/wp-json\/wp\/v2\/pages"}],"about":[{"href":"https:\/\/www.kleine-miri.de\/blog\/wp-json\/wp\/v2\/types\/page"}],"author":[{"embeddable":true,"href":"https:\/\/www.kleine-miri.de\/blog\/wp-json\/wp\/v2\/users\/1"}],"replies":[{"embeddable":true,"href":"https:\/\/www.kleine-miri.de\/blog\/wp-json\/wp\/v2\/comments?post=1470"}],"version-history":[{"count":18,"href":"https:\/\/www.kleine-miri.de\/blog\/wp-json\/wp\/v2\/pages\/1470\/revisions"}],"predecessor-version":[{"id":1514,"href":"https:\/\/www.kleine-miri.de\/blog\/wp-json\/wp\/v2\/pages\/1470\/revisions\/1514"}],"wp:attachment":[{"href":"https:\/\/www.kleine-miri.de\/blog\/wp-json\/wp\/v2\/media?parent=1470"}],"curies":[{"name":"wp","href":"https:\/\/api.w.org\/{rel}","templated":true}]}}